 the greatest common divisor of 1178143 and 2384.
149
What is the highest common divisor of 450 and 197226?
18
Calculate the highest common factor of 4845 and 2975.
85
What is the highest common factor of 160 and 1740?
20
What is the highest common divisor of 825 and 770825?
275
Calculate the highest common factor of 99847 and 319.
319
What is the highest common divisor of 123376 and 24?
8
Calculate the highest common factor of 2740 and 7535.
685
Calculate the highest common divisor of 338541 and 1410.
141
Calculate the greatest common divisor of 1704 and 4296.
24
Calculate the highest common factor of 1533202 and 22.
22
Calculate the greatest common divisor of 95254 and 97.
97
What is the greatest common divisor of 1148448 and 768?
96
Calculate the highest common factor of 11865 and 450.
15
Calculate the highest common factor of 12089 and 28.
7
What is the highest common factor of 266 and 78413?
19
Calculate the greatest common divisor of 413059 and 118.
59
What is the highest common divisor of 357605 and 1110?
185
Calculate the highest common divisor of 8 and 311.
1
What is the highest common divisor of 1842371 and 1745?
349
What is the highest common divisor of 22 and 2097062?
22
What is the highest common factor of 70904 and 664?
8
Calculate the greatest common divisor of 30848 and 896.
128
Calculate the greatest common factor of 153096 and 96.
24
What is the greatest common factor of 8675 and 6593?
347
Calculate the greatest common factor of 104082 and 9614.
418
Calculate the greatest common factor of 1603 and 35.
7
What is the highest common factor of 7397 and 260033?
569
Calculate the highest common factor of 405 and 6135.
15
What is the greatest common factor of 135801 and 5688?
711
What is the highest common factor of 661432 and 348?
116
Calculate the highest common divisor of 578 and 452982.
34
Calculate the greatest common factor of 27252 and 132.
12
What is the greatest common divisor of 54 and 30231?
9
What is the greatest common factor of 428 and 49744?
4
Calculate the greatest common divisor of 32232 and 888.
24
What is the highest common divisor of 6993 and 29862?
189
What is the greatest common divisor of 165763 and 4976?
311
What is the highest common divisor of 3446330 and 730?
730
Calculate the highest common factor of 84 and 198312.
12
Calculate the highest common factor of 87 and 10817.
29
Calculate the greatest common divisor of 108 and 75876.
12
What is the greatest common factor of 48 and 21192?
24
What is the highest common divisor of 1 and 1042176?
1
What is the greatest common divisor of 64504 and 220?
44
Calculate the highest common divisor of 41168 and 11408.
496
Calculate the highest common factor of 98659 and 11.
11
What is the greatest common divisor of 4398 and 576871?
733
Calculate the greatest common factor of 5389 and 289.
17
What is the greatest common factor of 161 and 9223?
23
What is the highest common factor of 9512 and 435?
29
Calculate the greatest common factor of 123 and 49651.
41
What is the highest common divisor of 570 and 2261304?
114
Calculate the highest common factor of 136 and 224706.
34
Calculate the greatest common factor of 107106 and 18.
6
Calculate the greatest common factor of 1545 and 28634.
103
What is the highest common divisor of 470096 and 352?
176
What is the highest common divisor of 1444 and 24?
4
What is the highest common factor of 663750 and 14375?
625
Calculate the highest common divisor of 1140 and 56.
4
Calculate the highest common factor of 405 and 529695.
45
What is the highest common divisor of 25650 and 2250?
450
Calculate the greatest common factor of 728 and 137774.
182
Calculate the highest common divisor of 10795 and 255.
85
Calculate the highest common factor of 275 and 236225.
275
Calculate the greatest common factor of 16 and 191696.
16
What is the greatest common divisor of 45 and 969525?
45
What is the highest common divisor of 3468 and 84?
12
Calculate the greatest common factor of 496 and 200000.
16
Calculate the highest common factor of 6248 and 5632.
88
What is the greatest common factor of 240 and 1029440?
80
Calculate the highest common divisor of 28145 and 13.
13
Calculate the highest common factor of 42601 and 12064.
377
What is the greatest common divisor of 22237 and 999?
37
What is the greatest common divisor of 37120 and 48320?
320
Calculate the highest common divisor of 1205 and 240.
5
What is the highest common factor of 800 and 1150800?
400
Calculate the highest common factor of 484 and 1672.
44
What is the greatest common divisor of 17 and 937?
1
What is the highest common divisor of 748 and 11492?
68
What is the greatest common factor of 105335 and 25?
5
Calculate the highest common factor of 1887 and 13549.
17
Calculate the greatest common divisor of 76 and 29773.
19
Calculate the greatest common divisor of 37217 and 5.
1
What is the highest common divisor of 153630 and 270?
270
Calculate the greatest common factor of 640 and 25216.
128
Calculate the greatest common factor of 18 and 1279746.
18
Calculate the greatest common divisor of 141216 and 468.
12
What is the highest common factor of 150321 and 356?
89
What is the highest common factor of 40 and 315800?
40
What is the highest common divisor of 273 and 72852?
39
Calculate the highest common divisor of 60371 and 511.
73
What is the greatest common divisor of 1000 and 16375?
125
What is the highest common factor of 378 and 28242?
54
Calculate the highest common factor of 11256 and 350.
14
Calculate the highest common factor of 44 and 244453.
11
Calculate the highest common divisor of 50 and 1241090.
10
What is the greatest common divisor of 20 and 319690?
10
What is the greatest common divisor of 17 and 1066937?
17
Calculate the greatest common factor of 5 and 148582.
1
Calculate the greatest common divisor of 26265 and 46659.
309
Calculate the greatest common divisor of 667 and 4853.
23
What is the greatest common divisor of 57 and 173394?
57
Calculate the greatest common factor of 532581 and 147.
147
What is the greatest common factor of 1850 and 89170?
370
Calculate the highest common divisor of 83503 and 7399.
1057
Calculate the highest common factor of 7095 and 65532.
129
What is the greatest common divisor of 64834 and 18788?
154
What is the highest common divisor of 37608 and 48?
24
What is the greatest common divisor of 6336 and 119856?
528
What is the greatest common divisor of 111 and 146631?
111
What is the greatest common divisor of 190 and 1856395?
95
What is the greatest common factor of 420 and 170583?
21
What is the greatest common factor of 35525 and 4321?
29
Calculate the highest common factor of 1086 and 2982.
6
What is the highest common factor of 196 and 1216229?
49
Calculate the highest common divisor of 5287 and 54736.
311
What is the highest common factor of 14096 and 64?
16
What is the highest common divisor of 117349 and 2151?
239
What is the greatest common factor of 12051 and 1989?
117
What is the highest common factor of 62 and 4058?
2
What is the highest common factor of 470099 and 7?
7
What is the greatest common divisor of 1790 and 3092762?
358
Calculate the highest common divisor of 54738 and 54.
18
What is the highest common divisor of 110 and 1965?
5
What is the highest common divisor of 105480 and 270?
90
Calculate the greatest common factor of 27684 and 228.
12
Calculate the greatest common divisor of 28443 and 817.
19
What is the highest common divisor of 775 and 200?
25
Calculate the greatest common factor of 1989 and 17173.
13
Calculate the highest common factor of 17192 and 1750.
14
Calculate the greatest common factor of 1388 and 20473.
347
What is the highest common divisor of 4256 and 382128?
304
What is the greatest common divisor of 7360 and 1670?
10
Calculate the greatest common divisor of 21 and 12565.
7
What is the highest common factor of 1140 and 9215?
95
What is the greatest common divisor of 1405 and 143872?
281
What is the highest common divisor of 984 and 10783?
41
Calculate the highest common divisor of 2105 and 65.
5
Calculate the highest common factor of 2183 and 1739.
37
Calculate the highest common factor of 2430 and 26244.
486
Calculate the greatest common factor of 48 and 7716.
12
What is the highest common factor of 2896